{"id":13701,"date":"2025-04-08T12:02:27","date_gmt":"2025-04-08T10:02:27","guid":{"rendered":"https:\/\/www.rhapsody-in-school.de\/wp-content\/uploads\/2023\/10\/Tonali-Gedenkkonzert-Lars-Vogt2.jpg"},"modified":"2025-04-08T12:02:27","modified_gmt":"2025-04-08T10:02:27","slug":"tonali-gedenkkonzert-lars-vogt2-2-2","status":"inherit","type":"attachment","link":"https:\/\/www.rhapsody-in-school.de\/en\/tonali-gedenkkonzert-lars-vogt2-2-2\/","title":{"rendered":"Tonali-Gedenkkonzert-Lars-Vogt2"},"author":45,"featured_media":0,"comment_status":"closed","ping_status":"closed","template":"","meta":[],"categories":[107],"class_list":["post-13701","attachment","type-attachment","status-inherit","hentry","category-allgemein-en-2"],"yoast_head":"<!-- This site is optimized with the Yoast SEO plugin v27.5 - https:\/\/yoast.com\/product\/yoast-seo-wordpress\/ -->\n<title>Tonali-Gedenkkonzert-Lars-Vogt2 | Rhapsody in School<\/title>\n<meta name=\"robots\" content=\"index, follow, max-snippet:-1, max-image-preview:large, max-video-preview:-1\" \/>\n<link rel=\"canonical\" href=\"https:\/\/www.rhapsody-in-school.de\/wp-content\/uploads\/2023\/10\/Tonali-Gedenkkonzert-Lars-Vogt2.jpg\" \/>\n<meta property=\"og:locale\" content=\"en_US\" \/>\n<meta property=\"og:type\" content=\"article\" \/>\n<meta property=\"og:title\" content=\"Tonali-Gedenkkonzert-Lars-Vogt2 | Rhapsody in School\" \/>\n<meta property=\"og:url\" content=\"https:\/\/www.rhapsody-in-school.de\/wp-content\/uploads\/2023\/10\/Tonali-Gedenkkonzert-Lars-Vogt2.jpg\" \/>\n<meta property=\"og:site_name\" content=\"Rhapsody in School\" \/>\n<meta property=\"article:publisher\" content=\"https:\/\/www.facebook.com\/groups\/368902338754\/\" \/>\n<meta property=\"og:image\" content=\"https:\/\/www.rhapsody-in-school.de\/wp-content\/uploads\/2023\/10\/Tonali-Gedenkkonzert-Lars-Vogt2.jpg\" \/>\n\t<meta property=\"og:image:width\" content=\"587\" \/>\n\t<meta property=\"og:image:height\" content=\"361\" \/>\n\t<meta property=\"og:image:type\" content=\"image\/jpeg\" \/>\n<meta name=\"twitter:card\" content=\"summary_large_image\" \/>\n<script type=\"application\/ld+json\" class=\"yoast-schema-graph\">{\"@context\":\"https:\\\/\\\/schema.org\",\"@graph\":[{\"@type\":\"WebPage\",\"@id\":\"https:\\\/\\\/www.rhapsody-in-school.de\\\/wp-content\\\/uploads\\\/2023\\\/10\\\/Tonali-Gedenkkonzert-Lars-Vogt2.jpg\",\"url\":\"https:\\\/\\\/www.rhapsody-in-school.de\\\/wp-content\\\/uploads\\\/2023\\\/10\\\/Tonali-Gedenkkonzert-Lars-Vogt2.jpg\",\"name\":\"Tonali-Gedenkkonzert-Lars-Vogt2 | Rhapsody in School\",\"isPartOf\":{\"@id\":\"https:\\\/\\\/www.rhapsody-in-school.de\\\/#website\"},\"datePublished\":\"2025-04-08T10:02:27+00:00\",\"breadcrumb\":{\"@id\":\"https:\\\/\\\/www.rhapsody-in-school.de\\\/wp-content\\\/uploads\\\/2023\\\/10\\\/Tonali-Gedenkkonzert-Lars-Vogt2.jpg#breadcrumb\"},\"inLanguage\":\"en-US\",\"potentialAction\":[{\"@type\":\"ReadAction\",\"target\":[\"https:\\\/\\\/www.rhapsody-in-school.de\\\/wp-content\\\/uploads\\\/2023\\\/10\\\/Tonali-Gedenkkonzert-Lars-Vogt2.jpg\"]}]},{\"@type\":\"BreadcrumbList\",\"@id\":\"https:\\\/\\\/www.rhapsody-in-school.de\\\/wp-content\\\/uploads\\\/2023\\\/10\\\/Tonali-Gedenkkonzert-Lars-Vogt2.jpg#breadcrumb\",\"itemListElement\":[{\"@type\":\"ListItem\",\"position\":1,\"name\":\"Startseite\",\"item\":\"https:\\\/\\\/www.rhapsody-in-school.de\\\/?page_id=12772\"},{\"@type\":\"ListItem\",\"position\":2,\"name\":\"Tonali-Gedenkkonzert-Lars-Vogt2\"}]},{\"@type\":\"WebSite\",\"@id\":\"https:\\\/\\\/www.rhapsody-in-school.de\\\/#website\",\"url\":\"https:\\\/\\\/www.rhapsody-in-school.de\\\/\",\"name\":\"Rhapsody in School\",\"description\":\"Die Initiative von K\u00fcnstler*innen f\u00fcr Sch\u00fcler*innen \\\/ Eine k\u00fcnstlerische Gesellschaft ist eine l\u00f6sungsf\u00e4hige Gesellschaft\",\"publisher\":{\"@id\":\"https:\\\/\\\/www.rhapsody-in-school.de\\\/#organization\"},\"potentialAction\":[{\"@type\":\"SearchAction\",\"target\":{\"@type\":\"EntryPoint\",\"urlTemplate\":\"https:\\\/\\\/www.rhapsody-in-school.de\\\/?s={search_term_string}\"},\"query-input\":{\"@type\":\"PropertyValueSpecification\",\"valueRequired\":true,\"valueName\":\"search_term_string\"}}],\"inLanguage\":\"en-US\"},{\"@type\":\"Organization\",\"@id\":\"https:\\\/\\\/www.rhapsody-in-school.de\\\/#organization\",\"name\":\"Rhapsody in School\",\"url\":\"https:\\\/\\\/www.rhapsody-in-school.de\\\/\",\"logo\":{\"@type\":\"ImageObject\",\"inLanguage\":\"en-US\",\"@id\":\"https:\\\/\\\/www.rhapsody-in-school.de\\\/#\\\/schema\\\/logo\\\/image\\\/\",\"url\":\"https:\\\/\\\/www.rhapsody-in-school.de\\\/wp-content\\\/uploads\\\/2017\\\/11\\\/Rhapsody-in-School-Logo-high.png\",\"contentUrl\":\"https:\\\/\\\/www.rhapsody-in-school.de\\\/wp-content\\\/uploads\\\/2017\\\/11\\\/Rhapsody-in-School-Logo-high.png\",\"width\":569,\"height\":280,\"caption\":\"Rhapsody in School\"},\"image\":{\"@id\":\"https:\\\/\\\/www.rhapsody-in-school.de\\\/#\\\/schema\\\/logo\\\/image\\\/\"},\"sameAs\":[\"https:\\\/\\\/www.facebook.com\\\/groups\\\/368902338754\\\/\"]}]}<\/script>\n<!-- \/ Yoast SEO plugin. -->","yoast_head_json":{"title":"Tonali-Gedenkkonzert-Lars-Vogt2 | Rhapsody in School","robots":{"index":"index","follow":"follow","max-snippet":"max-snippet:-1","max-image-preview":"max-image-preview:large","max-video-preview":"max-video-preview:-1"},"canonical":"https:\/\/www.rhapsody-in-school.de\/wp-content\/uploads\/2023\/10\/Tonali-Gedenkkonzert-Lars-Vogt2.jpg","og_locale":"en_US","og_type":"article","og_title":"Tonali-Gedenkkonzert-Lars-Vogt2 | Rhapsody in School","og_url":"https:\/\/www.rhapsody-in-school.de\/wp-content\/uploads\/2023\/10\/Tonali-Gedenkkonzert-Lars-Vogt2.jpg","og_site_name":"Rhapsody in School","article_publisher":"https:\/\/www.facebook.com\/groups\/368902338754\/","og_image":[{"width":587,"height":361,"url":"https:\/\/www.rhapsody-in-school.de\/wp-content\/uploads\/2023\/10\/Tonali-Gedenkkonzert-Lars-Vogt2.jpg","type":"image\/jpeg"}],"twitter_card":"summary_large_image","schema":{"@context":"https:\/\/schema.org","@graph":[{"@type":"WebPage","@id":"https:\/\/www.rhapsody-in-school.de\/wp-content\/uploads\/2023\/10\/Tonali-Gedenkkonzert-Lars-Vogt2.jpg","url":"https:\/\/www.rhapsody-in-school.de\/wp-content\/uploads\/2023\/10\/Tonali-Gedenkkonzert-Lars-Vogt2.jpg","name":"Tonali-Gedenkkonzert-Lars-Vogt2 | Rhapsody in School","isPartOf":{"@id":"https:\/\/www.rhapsody-in-school.de\/#website"},"datePublished":"2025-04-08T10:02:27+00:00","breadcrumb":{"@id":"https:\/\/www.rhapsody-in-school.de\/wp-content\/uploads\/2023\/10\/Tonali-Gedenkkonzert-Lars-Vogt2.jpg#breadcrumb"},"inLanguage":"en-US","potentialAction":[{"@type":"ReadAction","target":["https:\/\/www.rhapsody-in-school.de\/wp-content\/uploads\/2023\/10\/Tonali-Gedenkkonzert-Lars-Vogt2.jpg"]}]},{"@type":"BreadcrumbList","@id":"https:\/\/www.rhapsody-in-school.de\/wp-content\/uploads\/2023\/10\/Tonali-Gedenkkonzert-Lars-Vogt2.jpg#breadcrumb","itemListElement":[{"@type":"ListItem","position":1,"name":"Startseite","item":"https:\/\/www.rhapsody-in-school.de\/?page_id=12772"},{"@type":"ListItem","position":2,"name":"Tonali-Gedenkkonzert-Lars-Vogt2"}]},{"@type":"WebSite","@id":"https:\/\/www.rhapsody-in-school.de\/#website","url":"https:\/\/www.rhapsody-in-school.de\/","name":"Rhapsody in School","description":"Die Initiative von K\u00fcnstler*innen f\u00fcr Sch\u00fcler*innen \/ Eine k\u00fcnstlerische Gesellschaft ist eine l\u00f6sungsf\u00e4hige Gesellschaft","publisher":{"@id":"https:\/\/www.rhapsody-in-school.de\/#organization"},"potentialAction":[{"@type":"SearchAction","target":{"@type":"EntryPoint","urlTemplate":"https:\/\/www.rhapsody-in-school.de\/?s={search_term_string}"},"query-input":{"@type":"PropertyValueSpecification","valueRequired":true,"valueName":"search_term_string"}}],"inLanguage":"en-US"},{"@type":"Organization","@id":"https:\/\/www.rhapsody-in-school.de\/#organization","name":"Rhapsody in School","url":"https:\/\/www.rhapsody-in-school.de\/","logo":{"@type":"ImageObject","inLanguage":"en-US","@id":"https:\/\/www.rhapsody-in-school.de\/#\/schema\/logo\/image\/","url":"https:\/\/www.rhapsody-in-school.de\/wp-content\/uploads\/2017\/11\/Rhapsody-in-School-Logo-high.png","contentUrl":"https:\/\/www.rhapsody-in-school.de\/wp-content\/uploads\/2017\/11\/Rhapsody-in-School-Logo-high.png","width":569,"height":280,"caption":"Rhapsody in School"},"image":{"@id":"https:\/\/www.rhapsody-in-school.de\/#\/schema\/logo\/image\/"},"sameAs":["https:\/\/www.facebook.com\/groups\/368902338754\/"]}]}},"smush":"Not processed","description":{"rendered":"<p class=\"attachment\"><a href='https:\/\/www.rhapsody-in-school.de\/wp-content\/uploads\/2023\/10\/Tonali-Gedenkkonzert-Lars-Vogt2.jpg'><img loading=\"lazy\" decoding=\"async\" width=\"230\" height=\"141\" src=\"https:\/\/www.rhapsody-in-school.de\/wp-content\/uploads\/2023\/10\/Tonali-Gedenkkonzert-Lars-Vogt2-230x141.jpg\" class=\"attachment-medium size-medium\" alt=\"\" srcset=\"https:\/\/www.rhapsody-in-school.de\/wp-content\/uploads\/2023\/10\/Tonali-Gedenkkonzert-Lars-Vogt2-230x141.jpg 230w, https:\/\/www.rhapsody-in-school.de\/wp-content\/uploads\/2023\/10\/Tonali-Gedenkkonzert-Lars-Vogt2-237x146.jpg 237w, https:\/\/www.rhapsody-in-school.de\/wp-content\/uploads\/2023\/10\/Tonali-Gedenkkonzert-Lars-Vogt2-50x31.jpg 50w, https:\/\/www.rhapsody-in-school.de\/wp-content\/uploads\/2023\/10\/Tonali-Gedenkkonzert-Lars-Vogt2-122x75.jpg 122w, https:\/\/www.rhapsody-in-school.de\/wp-content\/uploads\/2023\/10\/Tonali-Gedenkkonzert-Lars-Vogt2.jpg 587w\" sizes=\"auto, (max-width: 230px) 100vw, 230px\" \/><\/a><\/p>\n"},"caption":{"rendered":""},"alt_text":"","media_type":"image","mime_type":"image\/jpeg","media_details":{"width":587,"height":361,"file":"2023\/10\/Tonali-Gedenkkonzert-Lars-Vogt2.jpg","filesize":110503,"sizes":{"medium":{"file":"Tonali-Gedenkkonzert-Lars-Vogt2-230x141.jpg","width":230,"height":141,"filesize":11244,"mime_type":"image\/jpeg","source_url":"https:\/\/www.rhapsody-in-school.de\/wp-content\/uploads\/2023\/10\/Tonali-Gedenkkonzert-Lars-Vogt2-230x141.jpg"},"thumbnail":{"file":"Tonali-Gedenkkonzert-Lars-Vogt2-230x159.jpg","width":230,"height":159,"filesize":12528,"mime_type":"image\/jpeg","source_url":"https:\/\/www.rhapsody-in-school.de\/wp-content\/uploads\/2023\/10\/Tonali-Gedenkkonzert-Lars-Vogt2-230x159.jpg"},"post-thumbnail":{"file":"Tonali-Gedenkkonzert-Lars-Vogt2-237x146.jpg","width":237,"height":146,"filesize":11954,"mime_type":"image\/jpeg","source_url":"https:\/\/www.rhapsody-in-school.de\/wp-content\/uploads\/2023\/10\/Tonali-Gedenkkonzert-Lars-Vogt2-237x146.jpg"},"50x50":{"file":"Tonali-Gedenkkonzert-Lars-Vogt2-50x31.jpg","width":50,"height":31,"filesize":1364,"mime_type":"image\/jpeg","source_url":"https:\/\/www.rhapsody-in-school.de\/wp-content\/uploads\/2023\/10\/Tonali-Gedenkkonzert-Lars-Vogt2-50x31.jpg"},"clients-slider":{"file":"Tonali-Gedenkkonzert-Lars-Vogt2-122x75.jpg","width":122,"height":75,"filesize":4157,"mime_type":"image\/jpeg","source_url":"https:\/\/www.rhapsody-in-school.de\/wp-content\/uploads\/2023\/10\/Tonali-Gedenkkonzert-Lars-Vogt2-122x75.jpg"},"testimonials":{"file":"Tonali-Gedenkkonzert-Lars-Vogt2-85x85.jpg","width":85,"height":85,"filesize":3684,"mime_type":"image\/jpeg","source_url":"https:\/\/www.rhapsody-in-school.de\/wp-content\/uploads\/2023\/10\/Tonali-Gedenkkonzert-Lars-Vogt2-85x85.jpg"},"blog-navi":{"file":"Tonali-Gedenkkonzert-Lars-Vogt2-80x80.jpg","width":80,"height":80,"filesize":3179,"mime_type":"image\/jpeg","source_url":"https:\/\/www.rhapsody-in-school.de\/wp-content\/uploads\/2023\/10\/Tonali-Gedenkkonzert-Lars-Vogt2-80x80.jpg"},"full":{"file":"Tonali-Gedenkkonzert-Lars-Vogt2.jpg","width":587,"height":361,"mime_type":"image\/jpeg","source_url":"https:\/\/www.rhapsody-in-school.de\/wp-content\/uploads\/2023\/10\/Tonali-Gedenkkonzert-Lars-Vogt2.jpg"}},"image_meta":{"aperture":"0","credit":"","camera":"","caption":"","created_timestamp":"0","copyright":"STEFAN KRANZ","focal_length":"0","iso":"0","shutter_speed":"0","title":"","orientation":"1","keywords":[]}},"post":null,"source_url":"https:\/\/www.rhapsody-in-school.de\/wp-content\/uploads\/2023\/10\/Tonali-Gedenkkonzert-Lars-Vogt2.jpg","_links":{"self":[{"href":"https:\/\/www.rhapsody-in-school.de\/en\/wp-json\/wp\/v2\/media\/13701","targetHints":{"allow":["GET"]}}],"collection":[{"href":"https:\/\/www.rhapsody-in-school.de\/en\/wp-json\/wp\/v2\/media"}],"about":[{"href":"https:\/\/www.rhapsody-in-school.de\/en\/wp-json\/wp\/v2\/types\/attachment"}],"author":[{"embeddable":true,"href":"https:\/\/www.rhapsody-in-school.de\/en\/wp-json\/wp\/v2\/users\/45"}],"replies":[{"embeddable":true,"href":"https:\/\/www.rhapsody-in-school.de\/en\/wp-json\/wp\/v2\/comments?post=13701"}],"wp:term":[{"taxonomy":"category","embeddable":true,"href":"https:\/\/www.rhapsody-in-school.de\/en\/wp-json\/wp\/v2\/categories?post=13701"}],"curies":[{"name":"wp","href":"https:\/\/api.w.org\/{rel}","templated":true}]}}

<!-- This site is optimized with the Yoast SEO plugin v27.5 - https://yoast.com/product/yoast-seo-wordpress/ -->
<title>Tonali-Gedenkkonzert-Lars-Vogt2 | Rhapsody in School</title>
<meta name="robots" content="index, follow, max-snippet:-1, max-image-preview:large, max-video-preview:-1" />
<link rel="canonical" href="https://www.rhapsody-in-school.de/wp-content/uploads/2023/10/Tonali-Gedenkkonzert-Lars-Vogt2.jpg" />
<meta property="og:locale" content="en_US" />
<meta property="og:type" content="article" />
<meta property="og:title" content="Tonali-Gedenkkonzert-Lars-Vogt2 | Rhapsody in School" />
<meta property="og:url" content="https://www.rhapsody-in-school.de/wp-content/uploads/2023/10/Tonali-Gedenkkonzert-Lars-Vogt2.jpg" />
<meta property="og:site_name" content="Rhapsody in School" />
<meta property="article:publisher" content="https://www.facebook.com/groups/368902338754/" />
<meta property="og:image" content="https://www.rhapsody-in-school.de/wp-content/uploads/2023/10/Tonali-Gedenkkonzert-Lars-Vogt2.jpg" />
	<meta property="og:image:width" content="587" />
	<meta property="og:image:height" content="361" />
	<meta property="og:image:type" content="image/jpeg" />
<meta name="twitter:card" content="summary_large_image" />
<script type="application/ld+json" class="yoast-schema-graph">{"@context":"https:\/\/schema.org","@graph":[{"@type":"WebPage","@id":"https:\/\/www.rhapsody-in-school.de\/wp-content\/uploads\/2023\/10\/Tonali-Gedenkkonzert-Lars-Vogt2.jpg","url":"https:\/\/www.rhapsody-in-school.de\/wp-content\/uploads\/2023\/10\/Tonali-Gedenkkonzert-Lars-Vogt2.jpg","name":"Tonali-Gedenkkonzert-Lars-Vogt2 | Rhapsody in School","isPartOf":{"@id":"https:\/\/www.rhapsody-in-school.de\/#website"},"datePublished":"2025-04-08T10:02:27+00:00","breadcrumb":{"@id":"https:\/\/www.rhapsody-in-school.de\/wp-content\/uploads\/2023\/10\/Tonali-Gedenkkonzert-Lars-Vogt2.jpg#breadcrumb"},"inLanguage":"en-US","potentialAction":[{"@type":"ReadAction","target":["https:\/\/www.rhapsody-in-school.de\/wp-content\/uploads\/2023\/10\/Tonali-Gedenkkonzert-Lars-Vogt2.jpg"]}]},{"@type":"BreadcrumbList","@id":"https:\/\/www.rhapsody-in-school.de\/wp-content\/uploads\/2023\/10\/Tonali-Gedenkkonzert-Lars-Vogt2.jpg#breadcrumb","itemListElement":[{"@type":"ListItem","position":1,"name":"Startseite","item":"https:\/\/www.rhapsody-in-school.de\/?page_id=12772"},{"@type":"ListItem","position":2,"name":"Tonali-Gedenkkonzert-Lars-Vogt2"}]},{"@type":"WebSite","@id":"https:\/\/www.rhapsody-in-school.de\/#website","url":"https:\/\/www.rhapsody-in-school.de\/","name":"Rhapsody in School","description":"Die Initiative von Künstler*innen für Schüler*innen \/ Eine künstlerische Gesellschaft ist eine lösungsfähige Gesellschaft","publisher":{"@id":"https:\/\/www.rhapsody-in-school.de\/#organization"},"potentialAction":[{"@type":"SearchAction","target":{"@type":"EntryPoint","urlTemplate":"https:\/\/www.rhapsody-in-school.de\/?s={search_term_string}"},"query-input":{"@type":"PropertyValueSpecification","valueRequired":true,"valueName":"search_term_string"}}],"inLanguage":"en-US"},{"@type":"Organization","@id":"https:\/\/www.rhapsody-in-school.de\/#organization","name":"Rhapsody in School","url":"https:\/\/www.rhapsody-in-school.de\/","logo":{"@type":"ImageObject","inLanguage":"en-US","@id":"https:\/\/www.rhapsody-in-school.de\/#\/schema\/logo\/image\/","url":"https:\/\/www.rhapsody-in-school.de\/wp-content\/uploads\/2017\/11\/Rhapsody-in-School-Logo-high.png","contentUrl":"https:\/\/www.rhapsody-in-school.de\/wp-content\/uploads\/2017\/11\/Rhapsody-in-School-Logo-high.png","width":569,"height":280,"caption":"Rhapsody in School"},"image":{"@id":"https:\/\/www.rhapsody-in-school.de\/#\/schema\/logo\/image\/"},"sameAs":["https:\/\/www.facebook.com\/groups\/368902338754\/"]}]}</script>
<!-- / Yoast SEO plugin. -->

Die Initiative von Künstler*innen für Schüler*innen / Eine künstlerische Gesellschaft ist eine lösungsfähige Gesellschaft
